{"id":10,"date":"2025-09-18T12:13:22","date_gmt":"2025-09-18T12:13:22","guid":{"rendered":"https:\/\/www.seap31.com\/?page_id=10"},"modified":"2026-02-23T13:24:44","modified_gmt":"2026-02-23T13:24:44","slug":"historique","status":"publish","type":"page","link":"https:\/\/www.seap31.com\/index.php\/historique\/","title":{"rendered":"Mon histoire"},"content":{"rendered":"\n<p>Je suis <strong>consultant freelance ind\u00e9pendant<\/strong>, bas\u00e9 \u00e0 Toulouse, et j\u2019accompagne les entreprises, associations et collectivit\u00e9s dans leurs <strong>projets d\u2019\u00e9v\u00e9nementiel, sportif, de communication et de d\u00e9veloppement<\/strong>.<\/p>\n\n\n\n<p>Mon parcours m\u2019a amen\u00e9 \u00e0 combiner <strong>passion pour le sport, cr\u00e9ativit\u00e9 et sens de l\u2019organisation<\/strong>, avec toujours l&rsquo;envie d&rsquo;\u00eatre<strong> dans la relation aux autres<\/strong>, pour proposer des solutions pratiques et sur mesure aux structures que j\u2019accompagne.<\/p>\n\n\n\n<hr class=\"wp-block-separator has-alpha-channel-opacity\"\/>\n\n\n\n<h2 class=\"wp-block-heading\">Mon parcours<\/h2>\n\n\n\n<p>Je poss\u00e8de une exp\u00e9rience d&rsquo;une vingtaine d&rsquo;ann\u00e9es : 10 ann\u00e9es dans le marketing sportif (en club professionnels dans le rugby et le volley) \/ 10 ann\u00e9es en agence de communication et \u00e9v\u00e8nementielle comme business developer et chef de projets. J&rsquo;ai su capitaliser sur une <strong>exp\u00e9rience de terrain solide<\/strong> et une <strong>connaissance fine des enjeux op\u00e9rationnels<\/strong>. J&rsquo;interviens aujourd\u2019hui sur une large gamme de missions, allant de la <strong>gestion de projets \u00e9v\u00e9nementiels<\/strong>, \u00e0 la <strong>mise en \u0153uvre d\u2019actions de promotion terrain<\/strong>, en passant par le <strong>d\u00e9ploiement de strat\u00e9gies de marketing sportif<\/strong>.<\/p>\n\n\n\n<figure class=\"wp-block-image size-large\"><img fetchpriority=\"high\" decoding=\"async\" width=\"1024\" height=\"683\" src=\"https:\/\/www.seap31.com\/wp-content\/uploads\/2025\/09\/Spacers-organisation-de-match-1024x683.jpg\" alt=\"\" class=\"wp-image-64\" srcset=\"https:\/\/www.seap31.com\/wp-content\/uploads\/2025\/09\/Spacers-organisation-de-match-1024x683.jpg 1024w, https:\/\/www.seap31.com\/wp-content\/uploads\/2025\/09\/Spacers-organisation-de-match-300x200.jpg 300w, https:\/\/www.seap31.com\/wp-content\/uploads\/2025\/09\/Spacers-organisation-de-match-2000x1333.jpg 2000w, https:\/\/www.seap31.com\/wp-content\/uploads\/2025\/09\/Spacers-organisation-de-match-scaled-1536x1024.jpg 1536w, https:\/\/www.seap31.com\/wp-content\/uploads\/2025\/09\/Spacers-organisation-de-match-scaled-2048x1366.jpg 2048w, https:\/\/www.seap31.com\/wp-content\/uploads\/2025\/09\/Spacers-organisation-de-match-scaled-600x400.jpg 600w, https:\/\/www.seap31.com\/wp-content\/uploads\/2025\/09\/Spacers-organisation-de-match-scaled-1200x800.jpg 1200w\" sizes=\"(max-width: 1024px) 100vw, 1024px\" \/><figcaption class=\"wp-element-caption\">SEAP31 &#8211; Marketing sportif Toulouse<\/figcaption><\/figure>\n\n\n\n<figure class=\"wp-block-image size-large\"><img decoding=\"async\" width=\"1024\" height=\"576\" src=\"https:\/\/www.seap31.com\/wp-content\/uploads\/2026\/02\/Animation-marches-place-St-Pierre-1024x576.jpg\" alt=\"\" class=\"wp-image-421\" srcset=\"https:\/\/www.seap31.com\/wp-content\/uploads\/2026\/02\/Animation-marches-place-St-Pierre-1024x576.jpg 1024w, https:\/\/www.seap31.com\/wp-content\/uploads\/2026\/02\/Animation-marches-place-St-Pierre-300x169.jpg 300w, https:\/\/www.seap31.com\/wp-content\/uploads\/2026\/02\/Animation-marches-place-St-Pierre-2000x1125.jpg 2000w\" sizes=\"(max-width: 1024px) 100vw, 1024px\" \/><figcaption class=\"wp-element-caption\">SEAP31 &#8211; Ev\u00e8nementiel Toulouse<\/figcaption><\/figure>\n\n\n\n<p>Depuis le d\u00e9but de mon activit\u00e9, j\u2019ai eu l\u2019opportunit\u00e9 de travailler sur des projets vari\u00e9s :<\/p>\n\n\n\n<ul class=\"wp-block-list\">\n<li>Organisation de <strong>trails, courses et challenges inter-entreprises<\/strong><\/li>\n\n\n\n<li>Conception et animation de <strong>team building sportifs et ludiques<\/strong><\/li>\n\n\n\n<li>Accompagnement de structures dans leur <strong>communication, graphisme et promotion<\/strong><\/li>\n\n\n\n<li>Soutien aux associations pour leur <strong>d\u00e9veloppement et recherche de partenaires<\/strong><\/li>\n<\/ul>\n\n\n\n<p>Chaque mission m\u2019a permis de d\u00e9velopper <strong>une approche int\u00e9gr\u00e9e<\/strong>, o\u00f9 je m\u2019int\u00e8gre directement dans vos \u00e9quipes pour apporter un appui op\u00e9rationnel et strat\u00e9gique, en fonction de vos besoins.<\/p>\n\n\n\n<hr class=\"wp-block-separator has-alpha-channel-opacity\"\/>\n\n\n\n<h2 class=\"wp-block-heading\">Ma d\u00e9marche<\/h2>\n\n\n\n<p>Je crois qu\u2019un projet r\u00e9ussi repose sur <strong>l\u2019\u00e9coute, la flexibilit\u00e9 et la proximit\u00e9<\/strong> :<\/p>\n\n\n\n<ul class=\"wp-block-list\">\n<li>Je prends le temps de comprendre vos besoins et vos contraintes<\/li>\n\n\n\n<li>Je propose des solutions <strong>sur mesure<\/strong>, adapt\u00e9es \u00e0 votre organisation et vos objectifs<\/li>\n\n\n\n<li>Je privil\u00e9gie la <strong>collaboration et la relation sur le long terme<\/strong>, pour cr\u00e9er des projets p\u00e9rennes et impactants<\/li>\n<\/ul>\n\n\n\n<p>Que ce soit pour <strong>organiser un \u00e9v\u00e9nement sportif, cr\u00e9er des activit\u00e9s team building ou accompagner votre structure dans sa communication et son d\u00e9veloppement<\/strong>, je mets mon exp\u00e9rience et ma cr\u00e9ativit\u00e9 au service de vos projets.<\/p>\n\n\n\n<figure class=\"wp-block-image size-full\"><img decoding=\"async\" width=\"768\" height=\"1024\" src=\"https:\/\/www.seap31.com\/wp-content\/uploads\/2026\/02\/WhatsApp-Image-2023-07-04-at-23.34.50.jpeg\" alt=\"\" class=\"wp-image-417\" srcset=\"https:\/\/www.seap31.com\/wp-content\/uploads\/2026\/02\/WhatsApp-Image-2023-07-04-at-23.34.50.jpeg 768w, https:\/\/www.seap31.com\/wp-content\/uploads\/2026\/02\/WhatsApp-Image-2023-07-04-at-23.34.50-225x300.jpeg 225w\" sizes=\"(max-width: 768px) 100vw, 768px\" \/><\/figure>\n\n\n\n<hr class=\"wp-block-separator has-alpha-channel-opacity\"\/>\n\n\n\n<h2 class=\"wp-block-heading\">Mon engagement<\/h2>\n\n\n\n<p>Mon objectif est de vous offrir un accompagnement <strong>fiable, flexible et int\u00e9gr\u00e9<\/strong> :<\/p>\n\n\n\n<ul class=\"wp-block-list\">\n<li>Vous lib\u00e9rer de la charge op\u00e9rationnelle pour vous concentrer sur votre c\u0153ur de m\u00e9tier<\/li>\n\n\n\n<li>Renforcer la coh\u00e9sion et l\u2019impact de vos projets<\/li>\n\n\n\n<li>Construire une relation durable et efficace<\/li>\n<\/ul>\n\n\n\n<p>Chaque collaboration est pour moi une opportunit\u00e9 de <strong>cr\u00e9er du lien, de partager mon savoir-faire et de faire grandir vos projets avec vous<\/strong>.<\/p>\n\n\n\n<hr class=\"wp-block-separator has-alpha-channel-opacity\"\/>\n\n\n\n<h2 class=\"wp-block-heading\">Une \u00e9quipe engag\u00e9e, un r\u00e9seau solide<\/h2>\n\n\n\n<p>Derri\u00e8re moi, je suis entour\u00e9 d\u2019un r\u00e9seau de partenaires, de prestataires et de talents. Je suis donc en mesure de <strong>mobiliser rapidement les bonnes comp\u00e9tences<\/strong>, pour la r\u00e9alisation int\u00e9grale de votre projet.<\/p>\n\n\n\n<hr class=\"wp-block-separator has-alpha-channel-opacity\"\/>\n\n\n\n<h2 class=\"wp-block-heading\">Pr\u00eat \u00e0 concr\u00e9tiser vos projets ?<\/h2>\n\n\n\n<p>Si vous souhaitez :<\/p>\n\n\n\n<ul class=\"wp-block-list\">\n<li>Organiser un <strong>\u00e9v\u00e9nement sportif ou un team building<\/strong>,<\/li>\n\n\n\n<li>D\u00e9velopper la <strong>communication et la promotion<\/strong> de votre structure,<\/li>\n\n\n\n<li>\u00catre accompagn\u00e9 sur vos <strong>projets et partenariats<\/strong>,<\/li>\n<\/ul>\n\n\n\n<p>\u2026je vous propose de <strong>travailler ensemble pour cr\u00e9er des solutions sur mesure et efficaces<\/strong>.<\/p>\n\n\n\n<p>\ud83d\udc49 <strong>Contactez-moi d\u00e8s maintenant<\/strong> pour discuter de votre projet et obtenir un <strong>devis personnalis\u00e9 et gratuit<\/strong>.<\/p>\n\n\n\n<div class=\"wp-block-buttons is-content-justification-center is-layout-flex wp-container-core-buttons-is-layout-a89b3969 wp-block-buttons-is-layout-flex\">\n<div class=\"wp-block-button\"><a class=\"wp-block-button__link wp-element-button\" href=\"https:\/\/www.seap31.com\/index.php\/contact-2\/\">Contactez-moi<\/a><\/div>\n<\/div>\n\n\n\n<hr class=\"wp-block-separator has-alpha-channel-opacity\"\/>\n\n\n\n<div style=\"height:100px\" aria-hidden=\"true\" class=\"wp-block-spacer\"><\/div>\n\n\n\n<div class=\"wp-block-columns alignwide is-layout-flex wp-container-core-columns-is-layout-28f84493 wp-block-columns-is-layout-flex\">\n<div class=\"wp-block-column is-layout-flow wp-block-column-is-layout-flow\">\n<figure class=\"wp-block-image size-large\"><img loading=\"lazy\" decoding=\"async\" width=\"1024\" height=\"576\" src=\"https:\/\/www.seap31.com\/wp-content\/uploads\/2025\/10\/sur-mesure-1024x576.jpg\" alt=\"\" class=\"wp-image-179\" srcset=\"https:\/\/www.seap31.com\/wp-content\/uploads\/2025\/10\/sur-mesure-1024x576.jpg 1024w, https:\/\/www.seap31.com\/wp-content\/uploads\/2025\/10\/sur-mesure-300x169.jpg 300w, https:\/\/www.seap31.com\/wp-content\/uploads\/2025\/10\/sur-mesure.jpg 1920w\" sizes=\"(max-width: 1024px) 100vw, 1024px\" \/><\/figure>\n\n\n\n<p class=\"has-black-color has-text-color has-medium-font-size\"><a href=\"#\">Des solutions sur-mesure<\/a><\/p>\n\n\n\n<p class=\"has-text-color\" style=\"color:#7a7a7a\">Nous sommes dans un secteur o\u00f9 les demandent peuvent \u00eatre tr\u00e8s vari\u00e9es. Cr\u00e9atif et v\u00e9ritable couteau suite, je prends un r\u00e9el plaisir \u00e0 \u00e9changer r\u00e9guli\u00e8rement pour vous offrir une solution sur-mesure.<\/p>\n<\/div>\n\n\n\n<div class=\"wp-block-column is-layout-flow wp-block-column-is-layout-flow\">\n<figure class=\"wp-block-image size-large\"><img loading=\"lazy\" decoding=\"async\" width=\"1024\" height=\"576\" src=\"https:\/\/www.seap31.com\/wp-content\/uploads\/2025\/10\/experience-terrain-1024x576.jpg\" alt=\"\" class=\"wp-image-178\" srcset=\"https:\/\/www.seap31.com\/wp-content\/uploads\/2025\/10\/experience-terrain-1024x576.jpg 1024w, https:\/\/www.seap31.com\/wp-content\/uploads\/2025\/10\/experience-terrain-300x169.jpg 300w, https:\/\/www.seap31.com\/wp-content\/uploads\/2025\/10\/experience-terrain.jpg 1920w\" sizes=\"(max-width: 1024px) 100vw, 1024px\" \/><\/figure>\n\n\n\n<p class=\"has-black-color has-text-color has-medium-font-size\"><a href=\"#\">Connaissance terrain<\/a><\/p>\n\n\n\n<p class=\"has-text-color\" style=\"color:#7a7a7a\">Avec plus de 20 ans d&rsquo;exp\u00e9riences dans diff\u00e9rentes structures en marketing, communication et \u00e9v\u00e8nementiel, j&rsquo;ai acquis les connaissances n\u00e9cessaires pour \u00eatre dans la strat\u00e9gie et l&rsquo;op\u00e9rationnel simultan\u00e9ment.<\/p>\n<\/div>\n\n\n\n<div class=\"wp-block-column is-layout-flow wp-block-column-is-layout-flow\">\n<figure class=\"wp-block-image size-large\"><img loading=\"lazy\" decoding=\"async\" width=\"1024\" height=\"576\" src=\"https:\/\/www.seap31.com\/wp-content\/uploads\/2025\/10\/fiabilite-1024x576.jpg\" alt=\"\" class=\"wp-image-177\" srcset=\"https:\/\/www.seap31.com\/wp-content\/uploads\/2025\/10\/fiabilite-1024x576.jpg 1024w, https:\/\/www.seap31.com\/wp-content\/uploads\/2025\/10\/fiabilite-300x169.jpg 300w, https:\/\/www.seap31.com\/wp-content\/uploads\/2025\/10\/fiabilite.jpg 1920w\" sizes=\"(max-width: 1024px) 100vw, 1024px\" \/><\/figure>\n\n\n\n<p class=\"has-black-color has-text-color has-medium-font-size\"><a href=\"#\">Fiabilit\u00e9<\/a><\/p>\n\n\n\n<p class=\"has-text-color\" style=\"color:#7a7a7a\">Confiez-moi un projet, m\u00eame s&rsquo;il parait impossible, et je vous prouverai que je le m\u00e8nerai avec tout le professionnalisme pour aller jusqu&rsquo;au bout des choses sans jamais rien l\u00e2cher. Ce sont des valeurs acquises dans le milieu du sport et de l&rsquo;\u00e9v\u00e8nementiel !<\/p>\n<\/div>\n<\/div>\n\n\n\n<div style=\"height:100px\" aria-hidden=\"true\" class=\"wp-block-spacer\"><\/div>\n\n\n\n<div class=\"wp-block-cover alignfull\" style=\"padding-top:50px;padding-right:50px;padding-bottom:50px;padding-left:50px;min-height:316px;aspect-ratio:unset;\"><span aria-hidden=\"true\" class=\"wp-block-cover__background has-black-background-color has-background-dim-100 has-background-dim\"><\/span><div class=\"wp-block-cover__inner-container is-layout-flow wp-block-cover-is-layout-flow\">\n<div class=\"wp-block-columns are-vertically-aligned-center is-layout-flex wp-container-core-columns-is-layout-28f84493 wp-block-columns-is-layout-flex\">\n<div class=\"wp-block-column is-vertically-aligned-center is-layout-flow wp-block-column-is-layout-flow\" style=\"padding-top:20px;padding-right:0px;padding-bottom:20px;padding-left:0px\">\n<div class=\"wp-block-group is-content-justification-space-between is-nowrap is-layout-flex wp-container-core-group-is-layout-bb3dfb5c wp-block-group-is-layout-flex\">\n<div class=\"wp-block-group is-layout-flow wp-block-group-is-layout-flow\">\n<p class=\"has-text-align-center has-white-color has-text-color\" style=\"font-size:clamp(14px, 0.875rem + ((1vw - 3.2px) * 0.354), 18px);line-height:1\">SPORT<\/p>\n<\/div>\n<\/div>\n<\/div>\n\n\n\n<div class=\"wp-block-column is-vertically-aligned-center is-layout-flow wp-block-column-is-layout-flow\" style=\"padding-top:20px;padding-right:0px;padding-bottom:20px;padding-left:0px\">\n<div class=\"wp-block-group is-content-justification-space-between is-nowrap is-layout-flex wp-container-core-group-is-layout-bb3dfb5c wp-block-group-is-layout-flex\">\n<div class=\"wp-block-group is-layout-flow wp-block-group-is-layout-flow\">\n<p class=\"has-text-align-center has-white-color has-text-color\" style=\"font-size:clamp(14px, 0.875rem + ((1vw - 3.2px) * 0.354), 18px);line-height:1\">EVENTS<\/p>\n<\/div>\n<\/div>\n<\/div>\n\n\n\n<div class=\"wp-block-column is-vertically-aligned-center is-layout-flow wp-block-column-is-layout-flow\" style=\"padding-top:20px;padding-right:0px;padding-bottom:20px;padding-left:0px\">\n<div class=\"wp-block-group is-content-justification-space-between is-nowrap is-layout-flex wp-container-core-group-is-layout-bb3dfb5c wp-block-group-is-layout-flex\">\n<div class=\"wp-block-group is-layout-flow wp-block-group-is-layout-flow\">\n<p class=\"has-text-align-center has-white-color has-text-color\" style=\"font-size:clamp(14px, 0.875rem + ((1vw - 3.2px) * 0.354), 18px);line-height:1\">ACTIVIT\u00c9S DE PROMOTION<\/p>\n<\/div>\n<\/div>\n<\/div>\n<\/div>\n<\/div><\/div>\n\n\n\n<p><\/p>\n","protected":false},"excerpt":{"rendered":"<p>Je suis consultant freelance ind\u00e9pendant, bas\u00e9 \u00e0 Toulouse, et j\u2019accompagne les entreprises, associations et collectivit\u00e9s dans leurs projets d\u2019\u00e9v\u00e9nementiel, sportif, de communication et de d\u00e9veloppement. Mon parcours m\u2019a amen\u00e9 \u00e0 combiner passion pour le sport, cr\u00e9ativit\u00e9 et sens de l\u2019organisation, avec toujours l&rsquo;envie d&rsquo;\u00eatre dans la relation aux autres, pour proposer des solutions pratiques et &hellip; <\/p>\n<p class=\"link-more\"><a href=\"https:\/\/www.seap31.com\/index.php\/historique\/\" class=\"more-link\">Lire la suite de<span class=\"screen-reader-text\">\u00ab\u00a0Mon histoire\u00a0\u00bb<\/span><\/a><\/p>\n","protected":false},"author":1,"featured_media":192,"parent":0,"menu_order":0,"comment_status":"closed","ping_status":"closed","template":"","meta":{"footnotes":""},"class_list":["post-10","page","type-page","status-publish","has-post-thumbnail","hentry"],"yoast_head":"<!-- This site is optimized with the Yoast SEO plugin v27.0 - https:\/\/yoast.com\/product\/yoast-seo-wordpress\/ -->\n<title>SEAP31 \u2013 L&#039;histoire autour de mon parcours professionnel<\/title>\n<meta name=\"description\" content=\"L&#039;aventure SEAP31 : mon parcours de freelance passionn\u00e9, cr\u00e9ateur de team building et d\u2019\u00e9v\u00e9nements qui f\u00e9d\u00e8rent les \u00e9quipes en Occitanie.\" \/>\n<meta name=\"robots\" content=\"index, follow, max-snippet:-1, max-image-preview:large, max-video-preview:-1\" \/>\n<link rel=\"canonical\" href=\"https:\/\/www.seap31.com\/index.php\/historique\/\" \/>\n<meta property=\"og:locale\" content=\"fr_FR\" \/>\n<meta property=\"og:type\" content=\"article\" \/>\n<meta property=\"og:title\" content=\"SEAP31 \u2013 L&#039;histoire autour de mon parcours professionnel\" \/>\n<meta property=\"og:description\" content=\"L&#039;aventure SEAP31 : mon parcours de freelance passionn\u00e9, cr\u00e9ateur de team building et d\u2019\u00e9v\u00e9nements qui f\u00e9d\u00e8rent les \u00e9quipes en Occitanie.\" \/>\n<meta property=\"og:url\" content=\"https:\/\/www.seap31.com\/index.php\/historique\/\" \/>\n<meta property=\"og:site_name\" content=\"SEAP31\" \/>\n<meta property=\"article:modified_time\" content=\"2026-02-23T13:24:44+00:00\" \/>\n<meta property=\"og:image\" content=\"https:\/\/www.seap31.com\/wp-content\/uploads\/2025\/10\/Toulouse-1024x674.png\" \/>\n\t<meta property=\"og:image:width\" content=\"1024\" \/>\n\t<meta property=\"og:image:height\" content=\"674\" \/>\n\t<meta property=\"og:image:type\" content=\"image\/png\" \/>\n<meta name=\"twitter:card\" content=\"summary_large_image\" \/>\n<meta name=\"twitter:label1\" content=\"Dur\u00e9e de lecture estim\u00e9e\" \/>\n\t<meta name=\"twitter:data1\" content=\"5 minutes\" \/>\n<script type=\"application\/ld+json\" class=\"yoast-schema-graph\">{\"@context\":\"https:\/\/schema.org\",\"@graph\":[{\"@type\":\"WebPage\",\"@id\":\"https:\/\/www.seap31.com\/index.php\/historique\/\",\"url\":\"https:\/\/www.seap31.com\/index.php\/historique\/\",\"name\":\"SEAP31 \u2013 L'histoire autour de mon parcours professionnel\",\"isPartOf\":{\"@id\":\"https:\/\/www.seap31.com\/#website\"},\"primaryImageOfPage\":{\"@id\":\"https:\/\/www.seap31.com\/index.php\/historique\/#primaryimage\"},\"image\":{\"@id\":\"https:\/\/www.seap31.com\/index.php\/historique\/#primaryimage\"},\"thumbnailUrl\":\"https:\/\/www.seap31.com\/wp-content\/uploads\/2025\/10\/Toulouse.png\",\"datePublished\":\"2025-09-18T12:13:22+00:00\",\"dateModified\":\"2026-02-23T13:24:44+00:00\",\"description\":\"L'aventure SEAP31 : mon parcours de freelance passionn\u00e9, cr\u00e9ateur de team building et d\u2019\u00e9v\u00e9nements qui f\u00e9d\u00e8rent les \u00e9quipes en Occitanie.\",\"breadcrumb\":{\"@id\":\"https:\/\/www.seap31.com\/index.php\/historique\/#breadcrumb\"},\"inLanguage\":\"fr-FR\",\"potentialAction\":[{\"@type\":\"ReadAction\",\"target\":[\"https:\/\/www.seap31.com\/index.php\/historique\/\"]}]},{\"@type\":\"ImageObject\",\"inLanguage\":\"fr-FR\",\"@id\":\"https:\/\/www.seap31.com\/index.php\/historique\/#primaryimage\",\"url\":\"https:\/\/www.seap31.com\/wp-content\/uploads\/2025\/10\/Toulouse.png\",\"contentUrl\":\"https:\/\/www.seap31.com\/wp-content\/uploads\/2025\/10\/Toulouse.png\",\"width\":1500,\"height\":987},{\"@type\":\"BreadcrumbList\",\"@id\":\"https:\/\/www.seap31.com\/index.php\/historique\/#breadcrumb\",\"itemListElement\":[{\"@type\":\"ListItem\",\"position\":1,\"name\":\"Accueil\",\"item\":\"https:\/\/www.seap31.com\/\"},{\"@type\":\"ListItem\",\"position\":2,\"name\":\"Mon histoire\"}]},{\"@type\":\"WebSite\",\"@id\":\"https:\/\/www.seap31.com\/#website\",\"url\":\"https:\/\/www.seap31.com\/\",\"name\":\"SEAP31\",\"description\":\"Artisan local de l&#039;\u00e9v\u00e8nementiel\",\"publisher\":{\"@id\":\"https:\/\/www.seap31.com\/#organization\"},\"potentialAction\":[{\"@type\":\"SearchAction\",\"target\":{\"@type\":\"EntryPoint\",\"urlTemplate\":\"https:\/\/www.seap31.com\/?s={search_term_string}\"},\"query-input\":{\"@type\":\"PropertyValueSpecification\",\"valueRequired\":true,\"valueName\":\"search_term_string\"}}],\"inLanguage\":\"fr-FR\"},{\"@type\":\"Organization\",\"@id\":\"https:\/\/www.seap31.com\/#organization\",\"name\":\"SEAP31\",\"url\":\"https:\/\/www.seap31.com\/\",\"logo\":{\"@type\":\"ImageObject\",\"inLanguage\":\"fr-FR\",\"@id\":\"https:\/\/www.seap31.com\/#\/schema\/logo\/image\/\",\"url\":\"https:\/\/www.seap31.com\/wp-content\/uploads\/2025\/09\/logo-SEAP31-signature.png\",\"contentUrl\":\"https:\/\/www.seap31.com\/wp-content\/uploads\/2025\/09\/logo-SEAP31-signature.png\",\"width\":1205,\"height\":676,\"caption\":\"SEAP31\"},\"image\":{\"@id\":\"https:\/\/www.seap31.com\/#\/schema\/logo\/image\/\"},\"sameAs\":[\"https:\/\/www.linkedin.com\/in\/philippe-garcia-5a5b25154\/\"]}]}<\/script>\n<!-- \/ Yoast SEO plugin. -->","yoast_head_json":{"title":"SEAP31 \u2013 L'histoire autour de mon parcours professionnel","description":"L'aventure SEAP31 : mon parcours de freelance passionn\u00e9, cr\u00e9ateur de team building et d\u2019\u00e9v\u00e9nements qui f\u00e9d\u00e8rent les \u00e9quipes en Occitanie.","robots":{"index":"index","follow":"follow","max-snippet":"max-snippet:-1","max-image-preview":"max-image-preview:large","max-video-preview":"max-video-preview:-1"},"canonical":"https:\/\/www.seap31.com\/index.php\/historique\/","og_locale":"fr_FR","og_type":"article","og_title":"SEAP31 \u2013 L'histoire autour de mon parcours professionnel","og_description":"L'aventure SEAP31 : mon parcours de freelance passionn\u00e9, cr\u00e9ateur de team building et d\u2019\u00e9v\u00e9nements qui f\u00e9d\u00e8rent les \u00e9quipes en Occitanie.","og_url":"https:\/\/www.seap31.com\/index.php\/historique\/","og_site_name":"SEAP31","article_modified_time":"2026-02-23T13:24:44+00:00","og_image":[{"width":1024,"height":674,"url":"https:\/\/www.seap31.com\/wp-content\/uploads\/2025\/10\/Toulouse-1024x674.png","type":"image\/png"}],"twitter_card":"summary_large_image","twitter_misc":{"Dur\u00e9e de lecture estim\u00e9e":"5 minutes"},"schema":{"@context":"https:\/\/schema.org","@graph":[{"@type":"WebPage","@id":"https:\/\/www.seap31.com\/index.php\/historique\/","url":"https:\/\/www.seap31.com\/index.php\/historique\/","name":"SEAP31 \u2013 L'histoire autour de mon parcours professionnel","isPartOf":{"@id":"https:\/\/www.seap31.com\/#website"},"primaryImageOfPage":{"@id":"https:\/\/www.seap31.com\/index.php\/historique\/#primaryimage"},"image":{"@id":"https:\/\/www.seap31.com\/index.php\/historique\/#primaryimage"},"thumbnailUrl":"https:\/\/www.seap31.com\/wp-content\/uploads\/2025\/10\/Toulouse.png","datePublished":"2025-09-18T12:13:22+00:00","dateModified":"2026-02-23T13:24:44+00:00","description":"L'aventure SEAP31 : mon parcours de freelance passionn\u00e9, cr\u00e9ateur de team building et d\u2019\u00e9v\u00e9nements qui f\u00e9d\u00e8rent les \u00e9quipes en Occitanie.","breadcrumb":{"@id":"https:\/\/www.seap31.com\/index.php\/historique\/#breadcrumb"},"inLanguage":"fr-FR","potentialAction":[{"@type":"ReadAction","target":["https:\/\/www.seap31.com\/index.php\/historique\/"]}]},{"@type":"ImageObject","inLanguage":"fr-FR","@id":"https:\/\/www.seap31.com\/index.php\/historique\/#primaryimage","url":"https:\/\/www.seap31.com\/wp-content\/uploads\/2025\/10\/Toulouse.png","contentUrl":"https:\/\/www.seap31.com\/wp-content\/uploads\/2025\/10\/Toulouse.png","width":1500,"height":987},{"@type":"BreadcrumbList","@id":"https:\/\/www.seap31.com\/index.php\/historique\/#breadcrumb","itemListElement":[{"@type":"ListItem","position":1,"name":"Accueil","item":"https:\/\/www.seap31.com\/"},{"@type":"ListItem","position":2,"name":"Mon histoire"}]},{"@type":"WebSite","@id":"https:\/\/www.seap31.com\/#website","url":"https:\/\/www.seap31.com\/","name":"SEAP31","description":"Artisan local de l&#039;\u00e9v\u00e8nementiel","publisher":{"@id":"https:\/\/www.seap31.com\/#organization"},"potentialAction":[{"@type":"SearchAction","target":{"@type":"EntryPoint","urlTemplate":"https:\/\/www.seap31.com\/?s={search_term_string}"},"query-input":{"@type":"PropertyValueSpecification","valueRequired":true,"valueName":"search_term_string"}}],"inLanguage":"fr-FR"},{"@type":"Organization","@id":"https:\/\/www.seap31.com\/#organization","name":"SEAP31","url":"https:\/\/www.seap31.com\/","logo":{"@type":"ImageObject","inLanguage":"fr-FR","@id":"https:\/\/www.seap31.com\/#\/schema\/logo\/image\/","url":"https:\/\/www.seap31.com\/wp-content\/uploads\/2025\/09\/logo-SEAP31-signature.png","contentUrl":"https:\/\/www.seap31.com\/wp-content\/uploads\/2025\/09\/logo-SEAP31-signature.png","width":1205,"height":676,"caption":"SEAP31"},"image":{"@id":"https:\/\/www.seap31.com\/#\/schema\/logo\/image\/"},"sameAs":["https:\/\/www.linkedin.com\/in\/philippe-garcia-5a5b25154\/"]}]}},"featured_media_urls":{"thumbnail":["https:\/\/www.seap31.com\/wp-content\/uploads\/2025\/10\/Toulouse-150x150.png",150,150,true],"medium":["https:\/\/www.seap31.com\/wp-content\/uploads\/2025\/10\/Toulouse-300x197.png",300,197,true],"medium_large":["https:\/\/www.seap31.com\/wp-content\/uploads\/2025\/10\/Toulouse.png",768,505,false],"large":["https:\/\/www.seap31.com\/wp-content\/uploads\/2025\/10\/Toulouse-1024x674.png",950,625,true],"1536x1536":["https:\/\/www.seap31.com\/wp-content\/uploads\/2025\/10\/Toulouse.png",1500,987,false],"2048x2048":["https:\/\/www.seap31.com\/wp-content\/uploads\/2025\/10\/Toulouse.png",1500,987,false],"inspiro-featured-image":["https:\/\/www.seap31.com\/wp-content\/uploads\/2025\/10\/Toulouse.png",1500,987,false],"inspiro-loop":["https:\/\/www.seap31.com\/wp-content\/uploads\/2025\/10\/Toulouse-950x320.png",950,320,true],"inspiro-loop@2x":["https:\/\/www.seap31.com\/wp-content\/uploads\/2025\/10\/Toulouse-1500x640.png",1500,640,true],"portfolio_item-thumbnail":["https:\/\/www.seap31.com\/wp-content\/uploads\/2025\/10\/Toulouse-600x400.png",600,400,true],"portfolio_item-thumbnail@2x":["https:\/\/www.seap31.com\/wp-content\/uploads\/2025\/10\/Toulouse-1200x800.png",1200,800,true],"portfolio_item-masonry":["https:\/\/www.seap31.com\/wp-content\/uploads\/2025\/10\/Toulouse-600x395.png",600,395,true],"portfolio_item-masonry@2x":["https:\/\/www.seap31.com\/wp-content\/uploads\/2025\/10\/Toulouse-1200x790.png",1200,790,true],"portfolio_item-thumbnail_cinema":["https:\/\/www.seap31.com\/wp-content\/uploads\/2025\/10\/Toulouse-800x335.png",800,335,true],"portfolio_item-thumbnail_portrait":["https:\/\/www.seap31.com\/wp-content\/uploads\/2025\/10\/Toulouse-600x900.png",600,900,true],"portfolio_item-thumbnail_portrait@2x":["https:\/\/www.seap31.com\/wp-content\/uploads\/2025\/10\/Toulouse-1200x987.png",1200,987,true],"portfolio_item-thumbnail_square":["https:\/\/www.seap31.com\/wp-content\/uploads\/2025\/10\/Toulouse-800x800.png",800,800,true]},"_links":{"self":[{"href":"https:\/\/www.seap31.com\/index.php\/wp-json\/wp\/v2\/pages\/10","targetHints":{"allow":["GET"]}}],"collection":[{"href":"https:\/\/www.seap31.com\/index.php\/wp-json\/wp\/v2\/pages"}],"about":[{"href":"https:\/\/www.seap31.com\/index.php\/wp-json\/wp\/v2\/types\/page"}],"author":[{"embeddable":true,"href":"https:\/\/www.seap31.com\/index.php\/wp-json\/wp\/v2\/users\/1"}],"replies":[{"embeddable":true,"href":"https:\/\/www.seap31.com\/index.php\/wp-json\/wp\/v2\/comments?post=10"}],"version-history":[{"count":17,"href":"https:\/\/www.seap31.com\/index.php\/wp-json\/wp\/v2\/pages\/10\/revisions"}],"predecessor-version":[{"id":422,"href":"https:\/\/www.seap31.com\/index.php\/wp-json\/wp\/v2\/pages\/10\/revisions\/422"}],"wp:featuredmedia":[{"embeddable":true,"href":"https:\/\/www.seap31.com\/index.php\/wp-json\/wp\/v2\/media\/192"}],"wp:attachment":[{"href":"https:\/\/www.seap31.com\/index.php\/wp-json\/wp\/v2\/media?parent=10"}],"curies":[{"name":"wp","href":"https:\/\/api.w.org\/{rel}","templated":true}]}}